{"id":23,"date":"2021-07-12T21:23:47","date_gmt":"2021-07-13T00:23:47","guid":{"rendered":"https:\/\/lacteus.com.br\/v5\/?page_id=23"},"modified":"2023-01-11T15:43:41","modified_gmt":"2023-01-11T18:43:41","slug":"apps","status":"publish","type":"page","link":"https:\/\/lacteus.com.br\/v5\/apps\/","title":{"rendered":"Apps"},"content":{"rendered":"\n<h2 class=\"wp-block-heading\">Coleta de Leite<\/h2>\n\n\n\n<ul class=\"wp-block-list\"><li>Acompanhe a coleta em tempo real<\/li><li>Registra volume, temperatura, c\u00f3digo da amostra, localiza\u00e7\u00e3o e outros<\/li><li>Imprime ticket personalizado<\/li><\/ul>\n\n\n\n<div style=\"height:45px\" aria-hidden=\"true\" class=\"wp-block-spacer\"><\/div>\n\n\n\n<h2 class=\"wp-block-heading\">T\u00e9cnico de campo<\/h2>\n\n\n\n<ul class=\"wp-block-list\"><li>Registra as visitas e diagn\u00f3sticos das propriedades<\/li><li>Agenda de visitas<\/li><li>PQFL<\/li><\/ul>\n\n\n\n<h2 class=\"wp-block-heading\"><br>Produtor<\/h2>\n\n\n\n<ul class=\"wp-block-list\"><li>Consulta de volume entregue e an\u00e1lises laboratoriais<\/li><li>Consulta o pagamento e o detalhamento<\/li><li>Solicita adiantamentos<\/li><\/ul>\n\n\n\n<p><\/p>\n\n\n\n<h2 class=\"wp-block-heading\"><br>Autocontrole<\/h2>\n\n\n\n<ul class=\"wp-block-list\"><li>Registra vistorias do PAC<\/li><li>Agenda de vistoria<\/li><li>Indicadores de desempenho e alertas de n\u00e3o conformidade<\/li><\/ul>\n\n\n\n<h2 class=\"wp-block-heading\"><br>For\u00e7a de Vendas<\/h2>\n\n\n\n<ul class=\"wp-block-list\"><li>Registra pedidos e motivos de n\u00e3o-vendas<\/li><li>Controle de check-in\/check-out com data, hora e localiza\u00e7\u00e3o<\/li><li>Cota de vendas, status financeiro do cliente e performance do vendedor<\/li><\/ul>\n\n\n\n<h2 class=\"wp-block-heading\"><br>Entregador<\/h2>\n\n\n\n<ul class=\"wp-block-list\"><li>Roteiro para o entregador<\/li><li>Acompanhe as entregas em tempo real<\/li><li>Registra entrega, foto do documento e assinatura do recebedor<\/li><\/ul>\n\n\n\n<div style=\"height:38px\" aria-hidden=\"true\" class=\"wp-block-spacer\"><\/div>\n\n\n\n<h2 class=\"wp-block-heading\">G\u00f4ndola<\/h2>\n\n\n\n<ul class=\"wp-block-list\"><li>Registra saldo na g\u00f4ndola e no estoque<\/li><li>Registra pre\u00e7o praticado pelo cliente do latic\u00ednio<\/li><li>Registra pre\u00e7o dos produtos equivalentes do concorrente<\/li><li>Vis\u00e3o avan\u00e7ada do mercado para equipes de vendas arrojadas<\/li><\/ul>\n","protected":false},"excerpt":{"rendered":"<p>Coleta de Leite Acompanhe a coleta em tempo real Registra volume, temperatura, c\u00f3digo da amostra, localiza\u00e7\u00e3o e outros Imprime ticket personalizado T\u00e9cnico de campo Registra as visitas e diagn\u00f3sticos das propriedades Agenda de visitas PQFL Produtor Consulta de volume entregue e an\u00e1lises laboratoriais Consulta o pagamento e o detalhamento Solicita adiantamentos Autocontrole Registra vistorias do [&hellip;]<\/p>\n","protected":false},"author":1,"featured_media":0,"parent":0,"menu_order":0,"comment_status":"closed","ping_status":"closed","template":"","meta":{"footnotes":""},"class_list":["post-23","page","type-page","status-publish","hentry"],"yoast_head":"<!-- This site is optimized with the Yoast SEO plugin v24.5 - https:\/\/yoast.com\/wordpress\/plugins\/seo\/ -->\n<title>Apps | lacteus : Gest\u00e3o para Latic\u00ednios<\/title>\n<meta name=\"robots\" content=\"index, follow, max-snippet:-1, max-image-preview:large, max-video-preview:-1\" \/>\n<link rel=\"canonical\" href=\"https:\/\/lacteus.com.br\/v5\/apps\/\" \/>\n<meta property=\"og:locale\" content=\"pt_BR\" \/>\n<meta property=\"og:type\" content=\"article\" \/>\n<meta property=\"og:title\" content=\"Apps | lacteus : Gest\u00e3o para Latic\u00ednios\" \/>\n<meta property=\"og:description\" content=\"Coleta de Leite Acompanhe a coleta em tempo real Registra volume, temperatura, c\u00f3digo da amostra, localiza\u00e7\u00e3o e outros Imprime ticket personalizado T\u00e9cnico de campo Registra as visitas e diagn\u00f3sticos das propriedades Agenda de visitas PQFL Produtor Consulta de volume entregue e an\u00e1lises laboratoriais Consulta o pagamento e o detalhamento Solicita adiantamentos Autocontrole Registra vistorias do [&hellip;]\" \/>\n<meta property=\"og:url\" content=\"https:\/\/lacteus.com.br\/v5\/apps\/\" \/>\n<meta property=\"og:site_name\" content=\"lacteus : Gest\u00e3o para Latic\u00ednios\" \/>\n<meta property=\"article:publisher\" content=\"https:\/\/www.facebook.com\/lacteusbrasil\" \/>\n<meta property=\"article:modified_time\" content=\"2023-01-11T18:43:41+00:00\" \/>\n<meta name=\"twitter:card\" content=\"summary_large_image\" \/>\n<meta name=\"twitter:site\" content=\"@lacteusbrasil\" \/>\n<meta name=\"twitter:label1\" content=\"Est. tempo de leitura\" \/>\n\t<meta name=\"twitter:data1\" content=\"1 minuto\" \/>\n<script type=\"application\/ld+json\" class=\"yoast-schema-graph\">{\"@context\":\"https:\/\/schema.org\",\"@graph\":[{\"@type\":\"WebPage\",\"@id\":\"https:\/\/lacteus.com.br\/v5\/apps\/\",\"url\":\"https:\/\/lacteus.com.br\/v5\/apps\/\",\"name\":\"Apps | lacteus : Gest\u00e3o para Latic\u00ednios\",\"isPartOf\":{\"@id\":\"https:\/\/lacteus.com.br\/v5\/#website\"},\"datePublished\":\"2021-07-13T00:23:47+00:00\",\"dateModified\":\"2023-01-11T18:43:41+00:00\",\"breadcrumb\":{\"@id\":\"https:\/\/lacteus.com.br\/v5\/apps\/#breadcrumb\"},\"inLanguage\":\"pt-BR\",\"potentialAction\":[{\"@type\":\"ReadAction\",\"target\":[\"https:\/\/lacteus.com.br\/v5\/apps\/\"]}]},{\"@type\":\"BreadcrumbList\",\"@id\":\"https:\/\/lacteus.com.br\/v5\/apps\/#breadcrumb\",\"itemListElement\":[{\"@type\":\"ListItem\",\"position\":1,\"name\":\"In\u00edcio\",\"item\":\"https:\/\/lacteus.com.br\/v5\/\"},{\"@type\":\"ListItem\",\"position\":2,\"name\":\"Apps\"}]},{\"@type\":\"WebSite\",\"@id\":\"https:\/\/lacteus.com.br\/v5\/#website\",\"url\":\"https:\/\/lacteus.com.br\/v5\/\",\"name\":\"lacteus : Gest\u00e3o para Latic\u00ednios\",\"description\":\"\",\"publisher\":{\"@id\":\"https:\/\/lacteus.com.br\/v5\/#organization\"},\"potentialAction\":[{\"@type\":\"SearchAction\",\"target\":{\"@type\":\"EntryPoint\",\"urlTemplate\":\"https:\/\/lacteus.com.br\/v5\/?s={search_term_string}\"},\"query-input\":{\"@type\":\"PropertyValueSpecification\",\"valueRequired\":true,\"valueName\":\"search_term_string\"}}],\"inLanguage\":\"pt-BR\"},{\"@type\":\"Organization\",\"@id\":\"https:\/\/lacteus.com.br\/v5\/#organization\",\"name\":\"Lacteus Gest\u00e3o para Latic\u00ednios\",\"url\":\"https:\/\/lacteus.com.br\/v5\/\",\"logo\":{\"@type\":\"ImageObject\",\"inLanguage\":\"pt-BR\",\"@id\":\"https:\/\/lacteus.com.br\/v5\/#\/schema\/logo\/image\/\",\"url\":\"https:\/\/lacteus.com.br\/v5\/wp-content\/uploads\/2021\/07\/logo-H-100.png\",\"contentUrl\":\"https:\/\/lacteus.com.br\/v5\/wp-content\/uploads\/2021\/07\/logo-H-100.png\",\"width\":524,\"height\":100,\"caption\":\"Lacteus Gest\u00e3o para Latic\u00ednios\"},\"image\":{\"@id\":\"https:\/\/lacteus.com.br\/v5\/#\/schema\/logo\/image\/\"},\"sameAs\":[\"https:\/\/www.facebook.com\/lacteusbrasil\",\"https:\/\/x.com\/lacteusbrasil\",\"https:\/\/www.instagram.com\/lacteusbrasil\",\"https:\/\/www.linkedin.com\/company\/lacteusbrasil\",\"https:\/\/www.youtube.com\/lacteusbrasil\"]}]}<\/script>\n<!-- \/ Yoast SEO plugin. -->","yoast_head_json":{"title":"Apps | lacteus : Gest\u00e3o para Latic\u00ednios","robots":{"index":"index","follow":"follow","max-snippet":"max-snippet:-1","max-image-preview":"max-image-preview:large","max-video-preview":"max-video-preview:-1"},"canonical":"https:\/\/lacteus.com.br\/v5\/apps\/","og_locale":"pt_BR","og_type":"article","og_title":"Apps | lacteus : Gest\u00e3o para Latic\u00ednios","og_description":"Coleta de Leite Acompanhe a coleta em tempo real Registra volume, temperatura, c\u00f3digo da amostra, localiza\u00e7\u00e3o e outros Imprime ticket personalizado T\u00e9cnico de campo Registra as visitas e diagn\u00f3sticos das propriedades Agenda de visitas PQFL Produtor Consulta de volume entregue e an\u00e1lises laboratoriais Consulta o pagamento e o detalhamento Solicita adiantamentos Autocontrole Registra vistorias do [&hellip;]","og_url":"https:\/\/lacteus.com.br\/v5\/apps\/","og_site_name":"lacteus : Gest\u00e3o para Latic\u00ednios","article_publisher":"https:\/\/www.facebook.com\/lacteusbrasil","article_modified_time":"2023-01-11T18:43:41+00:00","twitter_card":"summary_large_image","twitter_site":"@lacteusbrasil","twitter_misc":{"Est. tempo de leitura":"1 minuto"},"schema":{"@context":"https:\/\/schema.org","@graph":[{"@type":"WebPage","@id":"https:\/\/lacteus.com.br\/v5\/apps\/","url":"https:\/\/lacteus.com.br\/v5\/apps\/","name":"Apps | lacteus : Gest\u00e3o para Latic\u00ednios","isPartOf":{"@id":"https:\/\/lacteus.com.br\/v5\/#website"},"datePublished":"2021-07-13T00:23:47+00:00","dateModified":"2023-01-11T18:43:41+00:00","breadcrumb":{"@id":"https:\/\/lacteus.com.br\/v5\/apps\/#breadcrumb"},"inLanguage":"pt-BR","potentialAction":[{"@type":"ReadAction","target":["https:\/\/lacteus.com.br\/v5\/apps\/"]}]},{"@type":"BreadcrumbList","@id":"https:\/\/lacteus.com.br\/v5\/apps\/#breadcrumb","itemListElement":[{"@type":"ListItem","position":1,"name":"In\u00edcio","item":"https:\/\/lacteus.com.br\/v5\/"},{"@type":"ListItem","position":2,"name":"Apps"}]},{"@type":"WebSite","@id":"https:\/\/lacteus.com.br\/v5\/#website","url":"https:\/\/lacteus.com.br\/v5\/","name":"lacteus : Gest\u00e3o para Latic\u00ednios","description":"","publisher":{"@id":"https:\/\/lacteus.com.br\/v5\/#organization"},"potentialAction":[{"@type":"SearchAction","target":{"@type":"EntryPoint","urlTemplate":"https:\/\/lacteus.com.br\/v5\/?s={search_term_string}"},"query-input":{"@type":"PropertyValueSpecification","valueRequired":true,"valueName":"search_term_string"}}],"inLanguage":"pt-BR"},{"@type":"Organization","@id":"https:\/\/lacteus.com.br\/v5\/#organization","name":"Lacteus Gest\u00e3o para Latic\u00ednios","url":"https:\/\/lacteus.com.br\/v5\/","logo":{"@type":"ImageObject","inLanguage":"pt-BR","@id":"https:\/\/lacteus.com.br\/v5\/#\/schema\/logo\/image\/","url":"https:\/\/lacteus.com.br\/v5\/wp-content\/uploads\/2021\/07\/logo-H-100.png","contentUrl":"https:\/\/lacteus.com.br\/v5\/wp-content\/uploads\/2021\/07\/logo-H-100.png","width":524,"height":100,"caption":"Lacteus Gest\u00e3o para Latic\u00ednios"},"image":{"@id":"https:\/\/lacteus.com.br\/v5\/#\/schema\/logo\/image\/"},"sameAs":["https:\/\/www.facebook.com\/lacteusbrasil","https:\/\/x.com\/lacteusbrasil","https:\/\/www.instagram.com\/lacteusbrasil","https:\/\/www.linkedin.com\/company\/lacteusbrasil","https:\/\/www.youtube.com\/lacteusbrasil"]}]}},"_links":{"self":[{"href":"https:\/\/lacteus.com.br\/v5\/wp-json\/wp\/v2\/pages\/23","targetHints":{"allow":["GET"]}}],"collection":[{"href":"https:\/\/lacteus.com.br\/v5\/wp-json\/wp\/v2\/pages"}],"about":[{"href":"https:\/\/lacteus.com.br\/v5\/wp-json\/wp\/v2\/types\/page"}],"author":[{"embeddable":true,"href":"https:\/\/lacteus.com.br\/v5\/wp-json\/wp\/v2\/users\/1"}],"replies":[{"embeddable":true,"href":"https:\/\/lacteus.com.br\/v5\/wp-json\/wp\/v2\/comments?post=23"}],"version-history":[{"count":17,"href":"https:\/\/lacteus.com.br\/v5\/wp-json\/wp\/v2\/pages\/23\/revisions"}],"predecessor-version":[{"id":58111,"href":"https:\/\/lacteus.com.br\/v5\/wp-json\/wp\/v2\/pages\/23\/revisions\/58111"}],"wp:attachment":[{"href":"https:\/\/lacteus.com.br\/v5\/wp-json\/wp\/v2\/media?parent=23"}],"curies":[{"name":"wp","href":"https:\/\/api.w.org\/{rel}","templated":true}]}}